142?
137
In base 13, what is 4 + -121?
-11a
In base 6, what is -302242 + -5?
-302251
In base 4, what is -321 - 311?
-1232
In base 11, what is -a42a + -5?
-a434
In base 6, what is 520 - 55?
421
In base 10, what is 3 + 6738?
6741
In base 16, what is -2 - -23c?
23a
In base 14, what is 2 - 42?
-40
In base 15, what is -12 + 1e?
c
In base 6, what is -412 + -1?
-413
In base 15, what is -e3 + 3?
-e0
In base 12, what is 0 - 40?
-40
In base 14, what is -9 - -13?
8
In base 6, what is 4 + -5513?
-5505
In base 10, what is 4 - 285?
-281
In base 16, what is -4 + 2f?
2b
In base 5, what is 412 + 1?
413
In base 7, what is -236 + 30?
-206
In base 7, what is -1 + -2062?
-2063
In base 8, what is -34 + 25?
-7
In base 4, what is 13 + 23?
102
In base 14, what is -810 + -4?
-814
In base 7, what is -4 - 243?
-250
In base 4, what is -100 - -1211?
1111
In base 7, what is -134 - 3?
-140
In base 4, what is 11313121 + 10?
11313131
In base 14, what is 2 + -79?
-77
In base 16, what is -1 - 4d?
-4e
In base 11, what is 22 + -2?
20
In base 14, what is -20 + 1?
-1d
In base 14, what is 1 + -1db0?
-1dad
In base 16, what is 100 + -4?
fc
In base 4, what is -12 - -111?
33
In base 3, what is -112101 + 11?
-112020
In base 14, what is -1a + -11?
-2b
In base 11, what is 598 - -4?
5a1
In base 16, what is -e1 + -1?
-e2
In base 3, what is 201 + 11112?
12020
In base 4, what is -302 + -3303?
-10211
In base 11, what is -6 - 28?
-33
In base 7, what is -1001 + -5?
-1006
In base 8, what is 376 - -4?
402
In base 4, what is 2203 - 2?
2201
In base 5, what is -3 - 400?
-403
In base 14, what is -1 - -161?
160
In base 3, what is -21 + 111?
20
In base 14, what is 5 + -1a7?
-1a2
In base 8, what is 306 + 6?
314
In base 14, what is 1 - 14d?
-14c
In base 2, what is -100 + 101010010010?
101010001110
In base 8, what is 2 + 77?
101
In base 9, what is 1 + 1854?
1855
In base 9, what is -8174 - 0?
-8174
In base 12, what is -24 + 3a?
16
In base 14, what is -63 + -3?
-66
In base 5, what is -30 + -220?
-300
In base 6, what is -21 - -1?
-20
In base 8, what is 0 + 41?
41
In base 11, what is 435 + 5?
43a
In base 13, what is 3 + -108?
-105
In base 9, what is 4 + 8?
13
In base 6, what is -100 - 4?
-104
In base 7, what is -13 - 363?
-406
In base 14, what is -40 - 39?
-79
In base 16, what is 1d - 1b?
2
In base 3, what is 202 - -2?
211
In base 7, what is -10304 - 0?
-10304
In base 13, what is -5 + -456?
-45b
In base 14, what is -a + 7c?
72
In base 4, what is -1 + 2221?
2220
In base 13, what is 5 + 33?
38
In base 14, what is 0 + 108a?
108a
In base 11, what is 4 + 4650?
4654
In base 3, what is 0 - 1010120?
-1010120
In base 5, what is -1203 - -2?
-1201
In base 4, what is -20 - 31003?
-31023
In base 7, what is 615 + -15?
600
In base 15, what is -6 - -6?
0
In base 7, what is -3 + -3335?
-3341
In base 16, what is df - -15?
f4
In base 5, what is 1014 - 0?
1014
In base 14, what is -338 + 3?
-335
In base 7, what is 4 - 164?
-160
In base 3, what is 1120 + -2?
1111
In base 3, what is -1100 - -1000?
-100
In base 7, what is 1162 - 4?
1155
In base 3, what is -12112020 + -10?
-12112100
In base 10, what is -303 - 1?
-304
In base 7, what is 4 + -155?
-151
In base 10, what is 7 + 24?
31
In base 6, what is 15 + 1111?
1130
In base 8, what is -635 - 3?
-640
In base 8, what is 14313 + -1?
14312
In base 12, what is -3aa + -19?
-407
In base 15, what is 2 + 95?
97
In base 2, what is -11 + -10111001101?
-10111010000
In base 11, what is -3 - -2094?
2091
In base 12, what is 2b37 - -6?
2b41
In base 15, what is 3 + -b3?
-b0
In base 16, what is a39 - -4?
a3d
In base 7, what is -3 + 1?
-2
In base 3, what is -10001 - 22?
-10100
In base 3, what is -12201111 - 2?
-12201120
In base 2, what is -100010 + -11?
-100101
In base 4, what is -2210123 + -2?
-2210131
In base 8, what is 41556 - 0?
41556
In base 10, what is -5 + 308?
303
In base 2, what is -1000 - 11010?
-100010
In base 15, what is 0 + 64?
64
In base 2, what is 100 - 111001?
-110101
In base 7, what is -5 + -553?
-561
In base 9, what is -3572 + -4?
-3576
In base 12, what is 1216 - -1?
1217
In base 6, what is 2245 + 3?
2252
In base 8, what is -1055 + -1?
-1056
In base 15, what is -2 - -c?
a
In base 2, what is 10 + 10010?
10100
In base 11, what is -4 + 564?
560
In base 11, what is -aa2 - -3?
-a9a
In base 7, what is -3 - -24?
21
In base 6, what is -3300 + -10?
-3310
In base 9, what is -2 + 10?
7
In base 11, what is 770 - 4?
767
In base 15, what is 64a - -2?
64c
In base 10, what is -22 + -47?
-69
In base 11, what is -1206 + 2?
-1204
In base 16, what is -2 + 14f?
14d
In base 12, what is 19 + -21?
-4
In base 15, what is -16b - 1?
-16c
In base 14, what is 97 + 7?
a0
In base 7, what is -3 - -4401?
4365
In base 6, what is 20 + -231?
-211
In base 10, what is -6048 - -5?
-6043
In base 2, what is 111100 - -110?
1000010
In base 11, what is 482 + -4?
479
In base 14, what is -1 - b6?
-b7
In base 7, what is -5 - -40?
32
In base 5, what is 1311 + 1?
1312
In base 13, what is -95 + 8?
-8a
In base 8, what is 14 - 20?
-4
In base 8, what is 262 + -1?
261
In base 3, what is -1022 - 10000?
-11022
In base 2, what is 10 + 1011111?
1100001
In base 11, what is -93 - 35?
-118
In base 5, what is 13 + -24?
-11
In base 14, what is bc1 + 3?
bc4
In base 6, what is -4 + 1223?
1215
In base 5, what is 312 - -111?
423
In base 11, what is a - -3?
12
In base 13, what is -6 + -6?
-c
In base 6, what is -3103 + -3?
-3110
In base 11, what is -105 - 103?
-208
In base 5, what is -413131 + -2?
-413133
In base 7, what is 11 - 102?
-61
In base 4, what is -2001 + 312?
-1023
In base 2, what is 101 + 1001111101?
1010000010
In base 14, what is 54 + -3?
51
In base 15, what is 113 + -5?
10d
In base 10, what is -4 - -816?
812
In base 13, what is 3 - 231?
-22b
In base 14, what is 6 + 1d3?
1d9
In base 8, what is 0 - -7027?
7027
In base 9, what is 257 - -3?
261
In base 15, what is 3 + -5b5?
-5b2
In base 16, what is 7 - 297?
-290
In base 15, what is -125 - 0?
-125
In base 5, what is -10 - -1042?
1032
In base 15, what is -c86c - -4?
-c868
In base 5, what is 20 - -20?
40
In base 10, what is -4 - -1014?
1010
In base 14, what is -365 + -10?
-375
In base 2, what is -11010110011 + 10?
-11010110001
In base 14, what is b775 + -2?
b773
In base 3, what is -112 + -1222?
-2111
In base 16, what is -6a5 + -1?
-6a6
In base 11, what is -303 + 3?
-300
In base 8, what is -74741 + 5?
-74734
In base 16, what is 59 + 22?
7b
In base 12, what is -2 - -11?
b
In base 8, what is -145 - 12?
-157
In base 8, what is 504 - 42?
442
In base 3, what is -1021 - 10?
-1101
In base 8, what is 0 + -204?
-204
In base 14, what is -120d + -1?
-1210
In base 8, what is 17 + -232?
-213
In base 8, what is 162 - 0?
162
In base 3, what is -201 + 2111?
1210
In base 3, what is -1200 + -20121?
-22021
In base 4, what is -132 + -23?
-221
In base 2, what is -10100001 - -1001?
-10011000
In base 16, what is 38 - 40?
-8
In base 12, what is 2354 + 1?
2355
In base 9, what is 5 - -1055?
1061
In base 4, what is 300 + -212?
22
In base 13, what is -1 + -15?
-16
In base 9, what is -11 + -15?
-26
In base 16, what is 5 - a5d?
-a58
In base 16, what is 1198 + 1?
1199
In base 16, what is 28e - 4?
28a
In base 14, what is -b0 - -4?
-aa
In base 2, what is 1011100 + 110?
1100010
In base 9, what is 0 - 66?
-66
In base 15, what is d - -2?
10
In base 9, what is -1 - -147?
146
In base 7, what is 133 + 14?
150
In base 5, what is 10211 + -1?
10210
In base 11, what is 3 - 219?
-216
In base 10, what is -5 + -17?
-22
In base 2, what is -110 + -1100001010?
-1100010000
In base 4, what is -133 + -110?
-303
In base 15, what is -93 - 3?
-96
In base 14, what is -6 + cc1?
cb9
In base 16, what is 3 - a92?
-a8f
In base 9, what is 671 - -3?
674
In base 10, what is -547 - 16?
-563
In base 16, what is 4 - -3f9?
3fd
In base 10, what is 1 - 42?
-41
In base 14, what is 1a - 16?
4
In base 9, what is -42 - -3?
-38
In base 4, what is 10 + -1110?
-1100
In base 2, what is -1011100 - -1?
-1011011
In base 15, what is -3 + 181c?
1819
In base 13, what is 5 + 62?
67
In base 10, what is -2 - 22?
-24
In base 4, what is 103 - -120?
223
In base 6, what is -5 - -31?
22
In base 8, what is -70 + 6?
-62
In base 8, what is -101656 + -2?
-101660
In base 7, what is -20 - 63?
-113
In base 5, what is -1203 + 110?
-1043
In base 7, what is -2 - -524?
522
In base 2, what is -1010